
5
Let o = 135 + -68. Let r = 700 + -699. What is the greatest common divisor of o and r?
1
Suppose 12*y = 7028 + 12292. Calculate the highest common divisor of y and 92.
46
Let n = 14031 + -10454. Calculate the highest common divisor of 441 and n.
49
Let q = -17286 - -17330. What is the highest common divisor of 2222 and q?
22
Suppose 3*j - 4*j = -13. Let z(d) = -3*d + 43. Let i be z(j). Suppose -h + 2*t + 15 + 22 = 0, i*h = 2*t + 118. Calculate the greatest common divisor of h and 3.
3
Suppose 11*t - 865 = -249. Let w(n) be the third derivative of n**5/60 + 6*n**2. Let p be w(4). Calculate the greatest common factor of p and t.
8
Let m = -6173 - -22169. What is the greatest common divisor of 36 and m?
12
Suppose 9*q - 462 = -13*y + 14*y, -2*y = 6. What is the greatest common divisor of q and 833?
17
Let z be -21 - (10 + 8196)/(-22). Calculate the greatest common divisor of 18 and z.
2
Let w be -1 - (-2)/(-3)*(-198)/(-12). Suppose 3*k + 2518 = 142. Let g be k/(-20) - w/30. Calculate the greatest common divisor of 10 and g.
10
Suppose -32*r + 127 = -24*r - 8465. What is the greatest common divisor of 18 and r?
6
Suppose -13393 = -15*i - 538 + 3570. What is the greatest common divisor of i and 165?
15
Suppose -120 = -2*o + 16. Suppose 4*n - o = -r, -3*n = -0*r - 3*r + 174. Let g = 141 + -105. Calculate the greatest common factor of g and r.
12
Suppose -33*y = 8091 - 25515. What is the greatest common divisor of y and 588?
12
Let y = -1890 + 1968. Suppose 179 = 4*h - 405. Let f = h - y. What is the highest common divisor of f and 170?
34
Let h(s) = 2*s**3 - 80*s**2 + 28*s - 151. Let q be h(40). What is the highest common divisor of 102 and q?
51
Suppose 1370 + 4080 = 10*x. Let f = x + -248. Let h = 72 - 45. Calculate the greatest common divisor of h and f.
27
Let z = 596 + -519. Let f(l) = -4*l - 13. Let r be f(-6). Calculate the greatest common factor of r and z.
11
Let i = 3174 - 2410. What is the highest common divisor of i and 4?
4
Suppose -5654 = 17*v - 201*v - 73*v. What is the highest common divisor of 550 and v?
22
Suppose -24*c = c - 21675. Suppose 0 = -18*x - 309 + c. What is the greatest common factor of x and 31?
31
Suppose 18 = 7*t - 3*t - 2*i, 2*t - 3*i = 15. Suppose t*m + 18 = -2*l + 57, 0 = -4*l. Suppose 17*s - 84 = m*s. What is the highest common divisor of s and 210?
21
Suppose 102*n - 107*n = -70. Suppose 11*p = n*p - 924. What is the greatest common divisor of 88 and p?
44
Suppose -2*g = -4*b + 70, -5*b + 2*b + 48 = 3*g. Let t = -231 + 503. Calculate the greatest common divisor of b and t.
17
Let z = 10429 + -9725. Calculate the highest common factor of 1496 and z.
88
Suppose 271*o - 268*o = -3*z + 4515, -4*o = -z - 6020. What is the greatest common divisor of o and 14?
7
Let i(v) = 4*v**2 + 4*v + 2. Let x be i(-2). Let l be 5/25 - (-98)/x. Suppose -63*j + 2780 = 890. Calculate the greatest common divisor of j and l.
10
Suppose 7*g - 98 + 14 = 0. Let u be (42/9 - 4) + (-4)/(-12). Calculate the greatest common divisor of g and u.
1
Let h(d) = d**3 + 161*d**2 + 1926*d + 367. Let z be h(-148). Let y be 71/((1/(-13))/(-1)). What is the greatest common divisor of y and z?
71
Let l(h) = 7*h**2 - 40*h + 187. Let j be l(8). What is the highest common factor of j and 1071?
63
Suppose 4*u - 4*w - 147 = 1, 112 = 3*u - 2*w. Suppose -4*l + 0*l + 3*z = -54, -3*l = -z - u. What is the highest common factor of 60 and l?
12
Let b = -145 + 144. Let n be -8 - (2 - 11) - (-64 + b). Calculate the highest common factor of n and 22.
22
Suppose 4*h + 85 = -l + 79, 0 = -2*l - 3*h + 8. Calculate the greatest common factor of l and 570.
10
Let s(n) be the second derivative of n**5/20 + n**4/2 + 15*n**2/2 + 2*n - 13. Let a be s(-6). What is the greatest common divisor of a and 30?
15
Suppose 5*y = -3*i + 7*y + 106903, 15*i + 3*y = 534489. What is the greatest common divisor of 13 and i?
13
Let y be ((-26)/(-6) - -2)/((-28)/(-84)). Let l = -29 + 32. Suppose -d - l = -22. What is the greatest common factor of y and d?
19
Let w(i) = -58*i**3 + 41*i**2 + 7*i - 40. Let v be w(-5). Calculate the greatest common divisor of 656 and v.
328
Suppose 5*s - 60 = -h - 447, 0 = 4*s - 3*h + 302. Let p = s - -517. Calculate the highest common factor of p and 165.
55
Let w(x) = -x**3 - 6*x**2 + 10. Let o be w(-6). Suppose o = -2*v + 6. Let z be 0*(-3)/(9*-1) - v. What is the greatest common divisor of z and 8?
2
Let d = -1158 + 2830. Suppose 0 = 23*i - 67*i + d. Suppose -a + 41 = 2*f, -2*a = -4*f - 0*f + 70. Calculate the greatest common factor of i and f.
19
Suppose 330 = i + 48. Let y = i - 268. What is the greatest common factor of y and 2?
2
Suppose 25745 = 6*d - d - 5*p, -13*d + 5*p + 66929 = 0. Calculate the greatest common factor of 143 and d.
143
Suppose 4*i - 130 = 2*r, -209*r + 204*r = -3*i + 325. Let y be -1*(34 + -1 - 1). Let a = y - r. Calculate the highest common factor of a and 3.
3
Suppose 4*r = 5*c + 33, 5*c + 34 = 5*r + 6*c. Suppose -50 = -r*b + 5*b - 3*i, -5*b = 4*i - 111. What is the greatest common factor of b and 323?
19
Suppose 61 = r - 44. Let o = -110 + r. Let b(w) = w**2 - 9*w - 34. Let d be b(o). What is the highest common factor of 9 and d?
9
Suppose 35*x - 381331 = -65561. Calculate the greatest common divisor of x and 52.
26
Suppose 0 = 2*b - n - 235, -3*b + 5*n - 145 = -4*b. Suppose -b = -3*v - 2*v. What is the highest common divisor of v and 276?
12
Let y be ((-8509160)/(-440))/(2/(-4)*-2). Calculate the greatest common divisor of 83 and y.
83
Let n be (-34)/((-256)/(-3332) + (-34)/289). What is the highest common factor of n and 187?
17
Suppose 0 = 6*h + 62 + 70. Suppose -7*j - 84 = -3*j. Let i = j - h. Calculate the highest common divisor of 9 and i.
1
Suppose 0 = -21*w + 266 + 49. What is the highest common divisor of w and 3540?
15
Let b be (-19)/(5985/(-5010)) + (-4)/(-42). What is the greatest common factor of 784 and b?
16
Let r(b) = -407*b - 529. Let n be r(-2). What is the highest common factor of 7068 and n?
57
Let u(c) = c + 28. Let g be u(-6). Let f be 729 + 1 + -1 + 8/(-4). Let x = f - 507. What is the highest common divisor of x and g?
22
Let a be (1 - 8 - 0)/(-1). Suppose -100 = -2*h - 18*h. Suppose -5*w + w + h*c + 257 = 0, 0 = -4*w + c + 253. What is the highest common divisor of a and w?
7
Let d be 54/(-24)*-436 - (-2 - -2). What is the greatest common factor of 9 and d?
9
Suppose s = 4*z - 499, 2*z + 481 = -0*s - s. Let w = s - -1513. Suppose 0 = -15*d + 9*d + w. What is the highest common divisor of d and 19?
19
Suppose 0 = -91*p - 74*p + 44*p + 25894. Calculate the greatest common divisor of 8 and p.
2
Let j be (16/12)/((42/(-27))/7). Let r(g) = g**3 + 7*g**2 + g - 25. Let z be r(j). What is the greatest common divisor of 15 and z?
5
Let v(s) = -s**3 + 2*s**2 - 7*s + 86. Let l be v(0). Calculate the greatest common factor of 5246 and l.
86
Let l(z) = 188*z - 12306. Let g be l(67). Let w(q) = 4*q**3 - 2*q**2 - 3*q + 2. Let a be w(2). What is the highest common divisor of g and a?
10
Suppose 4*h - m = 147, 59*h - 57*h + 3*m = 91. Calculate the greatest common divisor of 247 and h.
19
Let u(j) = -457*j**2 + 10*j + 11. Let l be u(-1). Let x be ((-40)/260 + l/(-91))*7. What is the greatest common divisor of x and 119?
17
Suppose -2*b + 0*b = -432. Let a(l) = -l**3 + 12*l**2 + 814*l - 6624. Let i be a(8). What is the greatest common factor of i and b?
72
Let l(a) = -19*a - 50. Let s be l(-14). Let h be s/14 + -13 + 1144/91. What is the highest common factor of 120 and h?
15
Suppose -10*f + 1 = -19. Let m(w) = 12 - 1615*w**2 - 12*w + 1619*w**f + 5. Let d be m(10). What is the highest common divisor of d and 33?
33
Let r = -34 + 78. Suppose 2*w = -2*i + r, 0*i + 4*i = 8. Suppose 3*z + 72 = 7*z - 3*k, -w = 5*k. What is the greatest common factor of 10 and z?
5
Let r(d) = -d**2 - 2*d + 23. Let j be r(9). Let u = j - -116. Suppose -4*y - 50 = -5*v, y - 20 = -2*v - 3*y. What is the highest common divisor of v and u?
10
Let y(f) = 2*f**3 + 7*f**2 - 10*f + 3. Let h be y(4). Suppose -55 = -7*v - 6. What is the greatest common divisor of v and h?
7
Suppose 17*w - 62*w = -42300. What is the highest common divisor of 1222 and w?
94
Let t be (-18)/(-15)*(-2)/(-8) + (-7897)/(-10). What is the highest common factor of t and 180?
10
Le